{"id":889,"date":"2015-04-28T20:06:29","date_gmt":"2015-04-28T20:06:29","guid":{"rendered":"http:\/\/catalogosya.com\/sidenal\/?page_id=889"},"modified":"2025-02-04T11:19:35","modified_gmt":"2025-02-04T16:19:35","slug":"tramite-de-desintegracion","status":"publish","type":"page","link":"https:\/\/www.sidenal.com.co\/desintegracion\/tramite-de-desintegracion\/","title":{"rendered":"Tr\u00e1mite de Desintegraci\u00f3n"},"content":{"rendered":"<p>[vc_row][vc_column width=\u00bb2\/3&#8243;][vc_column_text]<strong>1. Presentaci\u00f3n de la solicitud de desintegraci\u00f3n f\u00edsica del veh\u00edculo y radicaci\u00f3n de documentos.<\/strong><br \/>\nEl propietario o su apoderado deber\u00e1 radicar de manera virtual al correo <a href=\"mailto:chatarrizacion@sidenal.com.co\">chatarrizacion@sidenal.com.co<\/a>, la documentaci\u00f3n requerida para el tr\u00e1mite.<\/p>\n<ul>\n<li>Veh\u00edculos de carga: doble troque, sencillo, tracto-cami\u00f3n<\/li>\n<li>Veh\u00edculos de servicio p\u00fablico de Bogot\u00e1,: camioneta, bus, buseta, microb\u00fas, taxi<\/li>\n<li>Veh\u00edculos particulares : (A Nivel Nacional) por constancia<\/li>\n<li>Veh\u00edculos p\u00fablicos: (A Nivel Nacional) por constancia<\/li>\n<\/ul>\n<p><strong>2. Procedimiento de verificaci\u00f3n de informaci\u00f3n por parte de la entidad desintegradora, avalado por la firma de auditor\u00eda externa.<\/strong><br \/>\nLos documentos radicados son revisados en primera instancia por SIDENAL y posteriormente por la firma de auditor\u00eda externa verificando que la documentaci\u00f3n del veh\u00edculo que ingresa a la planta corresponda con los originales del automotor a desintegrar.Ser\u00e1n rechazadas las solicitudes que presentan inconvenientes o inconsistencias como en el caso de inasistencia al censo, tarjetas de operaci\u00f3n que no sean recientes o no registren en el sistema, n\u00fameros mal digitados en el formato de Sidenal, vencimiento del certificado de revisi\u00f3n de la DIJIN.<\/p>\n<p><strong>3. Cita para desintegraci\u00f3n<\/strong><br \/>\nDentro de los 5 d\u00edas h\u00e1biles siguientes a la recepci\u00f3n de documentos y una vez aprobada la solicitud, la entidad desintegradora es decir SIDENAL, mediante v\u00eda telef\u00f3nica contactar\u00e1 y citar\u00e1 al interesado se\u00f1alando fecha y hora para la desintegraci\u00f3n f\u00edsica total del veh\u00edculo, de acuerdo al horario establecido.<\/p>\n<p><strong>4. Presentaci\u00f3n del veh\u00edculo en la entidad desintegradora en la fecha y hora definida.<\/strong><br \/>\nEl d\u00eda de la cita, el veh\u00edculo debe entrar a las instalaciones de la entidad desintegradora \u201cSIDENAL TOCANCIPA\u201d se cotejar\u00e1 permanentemente los sistemas de identificaci\u00f3n del veh\u00edculo (chasis, motor, serie, placas) contra los documentos originales presentados.El veh\u00edculo debe contar con todos sus elementos estructurales y sus conjuntos correspondientes a la configuraci\u00f3n t\u00e9cnica y a la identificaci\u00f3n del mismo. Los sistemas deben presentarse completos y originales o con los cambios debidamente autorizados por la autoridad de transito pertinente.En caso de p\u00e9rdida total se deber\u00e1 aportar la certificaci\u00f3n de la entidad aseguradora dirigida a SIDENAL y una (1) copia autenticada; y si el veh\u00edculo no est\u00e1 asegurado se anexar\u00e1 el croquis del accidente, y una copia de la certificaci\u00f3n expedida por la autoridad judicial o polic\u00eda correspondiente, que permita verificar la ocurrencia del hecho que haya dado como resultado la p\u00e9rdida total y la declaraci\u00f3n juramentada ante notario. La DIJIN debe certificar el siniestro y aclarar como observaci\u00f3n que el veh\u00edculo entrar\u00e1 en gr\u00faa.<\/p>\n<p><strong>5. Expedici\u00f3n del Certificado de Desintegraci\u00f3n F\u00edsica Total<\/strong><br \/>\nDentro de los 5 d\u00edas h\u00e1biles siguientes al d\u00eda de la desintegraci\u00f3n de veh\u00edculo, SIDENAL expedir\u00e1 el Certificado de Desintegraci\u00f3n F\u00edsica Total del veh\u00edculo, acreditando la descomposici\u00f3n f\u00edsica de todos los elementos integrantes del automotor. Este certificado se expedir\u00e1 en papel de seguridad y para el caso de veh\u00edculos de carga deber\u00e1 ser remitido al Organismo de Tr\u00e1nsito donde se encuentra matriculado el veh\u00edculo y para el caso de veh\u00edculos de transporte p\u00fablico del Distrito se remite a la ventanilla \u00fanica de servicios de movilidad, entidad supervisada por la <a href=\"http:\/\/www.movilidadbogota.gov.co\" target=\"_blank\" rel=\"noopener noreferrer\">Secretaria de la Movilidad<\/a>.El interesado deber\u00e1 dirigirse al Consorcio SIM para efectos de la cancelaci\u00f3n de la matricula y\/o reposici\u00f3n del veh\u00edculo, para lo cual deber\u00e1 llevar el No. de certificado de desintegraci\u00f3n f\u00edsica total expedido por SIDENAL.[\/vc_column_text][\/vc_column][vc_column width=\u00bb1\/3&#8243;][vc_raw_html]JTNDYiUyMHN0eWxlJTNEJTIyY29sb3IlM0ElMjAlMjMwMDAlM0IlMjB0ZXh0LXRyYW5zZm9ybSUzQSUyMG5vbmUlM0IlMjIlM0VFbnRyZWdhJTIwZGUlMjBkb2N1bWVudG9zJTIwcGFyYSUyMGRlc2ludGVncmFjaSVDMyVCM24lMjBkZSUyMHZlaCVDMyVBRGN1bG9zJTIwZGUlMjBjYXJnYS4lM0MlMkZiJTNFJTNDYnIlMkYlM0UlMEElM0NhJTIwY2xhc3MlM0QlMjJidG4lMjBidG4tbGclMjBidG4tc3VjY2VzcyUyMiUyMGhyZWYlM0QlMjIlMkZkZXNpbnRlZ3JhY2lvbiUyRmZvcm1hdG9zJTJGUmVxdWlzaXRvcy1wYXJhLWRlc2ludGVncmFjaW9uLWRlLXZlaGljdWxvcy1kZS1jYXJnYS5wZGYlMjIlMjB0YXJnZXQlM0QlMjJfYmxhbmslMjIlM0UlM0NpJTIwY2xhc3MlM0QlMjJmYSUyMGZhLWZpbGUtcGRmLW8lMjBmYS1sZyUyMHB1bGwtbGVmdCUyMiUzRSUzQyUyRmklM0UlMjBEZXNjYXJnYXIlM0MlMkZhJTNF[\/vc_raw_html][vc_separator][vc_raw_html]JTNDYiUyMHN0eWxlJTNEJTIyY29sb3IlM0ElMjAlMjMwMDAlM0IlMjB0ZXh0LXRyYW5zZm9ybSUzQSUyMG5vbmUlM0IlMjIlM0VSZXF1aXNpdG9zJTIwcGFyYSUyMGRlc2ludGVncmFjaSVDMyVCM24lMjBkZSUyMHZlaCVDMyVBRGN1bG9zJTIwZGUlMjBzZXJ2aWNpbyUyMHAlQzMlQkFibGljbyUyMGRlJTIwQm9nb3QlQzMlQTEuJTNDJTJGYiUzRSUzQ2JyJTJGJTNFJTBBJTNDYSUyMGNsYXNzJTNEJTIyYnRuJTIwYnRuLWxnJTIwYnRuLXN1Y2Nlc3MlMjIlMjBocmVmJTNEJTIyJTJGZGVzaW50ZWdyYWNpb24lMkZmb3JtYXRvcyUyRlJlcXVpc2l0b3MtcGFyYS1kZXNpbnRlZ3JhY2lvbi1kZS12ZWhpY3Vsb3MtZGUtc2VydmljaW8tcHVibGljby1kZS1Cb2dvdGEucGRmJTIyJTIwdGFyZ2V0JTNEJTIyX2JsYW5rJTIyJTNFJTNDaSUyMGNsYXNzJTNEJTIyZmElMjBmYS1maWxlLXBkZi1vJTIwZmEtbGclMjBwdWxsLWxlZnQlMjIlM0UlM0MlMkZpJTNFJTIwRGVzY2FyZ2FyJTNDJTJGYSUzRQ==[\/vc_raw_html][vc_separator][vc_raw_html]JTNDYiUyMHN0eWxlJTNEJTIyY29sb3IlM0ElMjAlMjMwMDAlM0IlMjB0ZXh0LXRyYW5zZm9ybSUzQSUyMG5vbmUlM0IlMjIlM0VSZXF1aXNpdG9zJTIwcGFyYSUyMGRlc2ludGVncmFjaSVDMyVCM24lMjBkZSUyMHZlaCVDMyVBRGN1bG9zJTIwcGFydGljdWxhcmVzLiUzQyUyRmIlM0UlM0NiciUyRiUzRSUwQSUzQ2ElMjBjbGFzcyUzRCUyMmJ0biUyMGJ0bi1sZyUyMGJ0bi1zdWNjZXNzJTIyJTIwaHJlZiUzRCUyMiUyRmRlc2ludGVncmFjaW9uJTJGZm9ybWF0b3MlMkZSZXF1aXNpdG9zLXBhcmEtZGVzaW50ZWdyYWNpb24tZGUtdmVoaWN1bG9zLXBhcnRpY3VsYXJlcy1hLW5pdmVsLW5hY2lvbmFsLnBkZiUyMiUyMHRhcmdldCUzRCUyMl9ibGFuayUyMiUzRSUzQ2klMjBjbGFzcyUzRCUyMmZhJTIwZmEtZmlsZS1wZGYtbyUyMGZhLWxnJTIwcHVsbC1sZWZ0JTIyJTNFJTNDJTJGaSUzRSUyMERlc2NhcmdhciUzQyUyRmElM0U=[\/vc_raw_html][vc_separator][vc_raw_html]JTNDYiUyMHN0eWxlJTNEJTIyY29sb3IlM0ElMjAlMjMwMDAlM0IlMjB0ZXh0LXRyYW5zZm9ybSUzQSUyMG5vbmUlM0IlMjIlM0VSZXF1aXNpdG9zJTIwZGUlMjBkZXNpbnRlZ3JhY2klQzMlQjNuJTIwcGFyYSUyMHZlaCVDMyVBRGN1bG9zJTIwZGUlMjBTZXJ2aWNpbyUyMFB1YmxpY28lMjBhJTIwbml2ZWwlMjBuYWNpb25hbC4lM0MlMkZiJTNFJTNDYnIlMkYlM0UlMEElM0NhJTIwY2xhc3MlM0QlMjJidG4lMjBidG4tbGclMjBidG4tc3VjY2VzcyUyMiUyMGhyZWYlM0QlMjIlMkZkZXNpbnRlZ3JhY2lvbiUyRmZvcm1hdG9zJTJGUmVxdWlzaXRvcy1wYXJhLWRlc2ludGVncmFjaW9uLWRlLXZlaGljdWxvcy1kZS1zZXJ2aWNpby1wdWJsaWNvLWEtbml2ZWwtbmFjaW9uYWwucGRmJTIyJTIwdGFyZ2V0JTNEJTIyX2JsYW5rJTIyJTNFJTNDaSUyMGNsYXNzJTNEJTIyZmElMjBmYS1maWxlLXBkZi1vJTIwZmEtbGclMjBwdWxsLWxlZnQlMjIlM0UlM0MlMkZpJTNFJTIwRGVzY2FyZ2FyJTNDJTJGYSUzRQ==[\/vc_raw_html][vc_separator][\/vc_column][\/vc_row]<\/p>\n","protected":false},"excerpt":{"rendered":"<p>[vc_row][vc_column width=\u00bb2\/3&#8243;][vc_column_text]1. Presentaci\u00f3n de la solicitud de desintegraci\u00f3n f\u00edsica del veh\u00edculo y radicaci\u00f3n de documentos. El propietario o su apoderado deber\u00e1 &#8230;<\/p>\n","protected":false},"author":8,"featured_media":0,"parent":0,"menu_order":0,"comment_status":"open","ping_status":"open","template":"","meta":{"footnotes":""},"class_list":["post-889","page","type-page","status-publish","hentry"],"aioseo_notices":[],"_links":{"self":[{"href":"https:\/\/www.sidenal.com.co\/desintegracion\/wp-json\/wp\/v2\/pages\/889","targetHints":{"allow":["GET"]}}],"collection":[{"href":"https:\/\/www.sidenal.com.co\/desintegracion\/wp-json\/wp\/v2\/pages"}],"about":[{"href":"https:\/\/www.sidenal.com.co\/desintegracion\/wp-json\/wp\/v2\/types\/page"}],"author":[{"embeddable":true,"href":"https:\/\/www.sidenal.com.co\/desintegracion\/wp-json\/wp\/v2\/users\/8"}],"replies":[{"embeddable":true,"href":"https:\/\/www.sidenal.com.co\/desintegracion\/wp-json\/wp\/v2\/comments?post=889"}],"version-history":[{"count":52,"href":"https:\/\/www.sidenal.com.co\/desintegracion\/wp-json\/wp\/v2\/pages\/889\/revisions"}],"predecessor-version":[{"id":2763,"href":"https:\/\/www.sidenal.com.co\/desintegracion\/wp-json\/wp\/v2\/pages\/889\/revisions\/2763"}],"wp:attachment":[{"href":"https:\/\/www.sidenal.com.co\/desintegracion\/wp-json\/wp\/v2\/media?parent=889"}],"curies":[{"name":"wp","href":"https:\/\/api.w.org\/{rel}","templated":true}]}}